 + 53832, -u - 33 = -26. List the prime factors of x.
3, 1993
Let d(q) = -q**3 - 40*q**2 + 52*q + 15. Let m be (-2)/(-9) + (-1)/((-27)/(-1140)). List the prime factors of d(m).
3, 151
Suppose 305*n - 436037 = 374278 - 81365. What are the prime factors of n?
2, 5, 239
Suppose 0 = o - 4*o + 87. Suppose 0 = -7*b + 391 + o. Suppose 261 - b = 3*q. List the prime factors of q.
67
Suppose 7*c = -56 - 84. Let j be (29 + c)*89/(-3). Let a = -76 - j. List the prime factors of a.
191
Suppose 9242 = 2*r - 4*z - 35030, 0 = -12*z + 17*z. List the prime factors of r.
2, 2767
Suppose 76*k - 574784 = 1978185 - 122109. What are the prime factors of k?
5, 6397
Let t(b) = -2*b**3 - 41*b**2 + 6*b - 25. List the prime factors of t(-29).
2, 7, 19, 53
Suppose 4*i = -4*j - 4, 5*j - 4*i + 15 = i. Let q be (j - -4)*12 + 1. Suppose -107*a - q = -112*a. List the prime factors of a.
5
Suppose -2*q - 2*q + 3*d = 234, -8 = 4*d. What are the prime factors of ((-258)/9)/(4/q)?
2, 5, 43
Suppose 28*w - 39704 - 73864 = 0. Let o = -2094 + w. What are the prime factors of o?
2, 3, 109
Let t be 2 - (-10)/(-4)*-2. Let c be 9404/t - ((-30)/(-35))/2. Suppose -6*z = -c + 479. List the prime factors of z.
2, 3
Let z(v) = -19*v**2 + 14*v + 3. Let y be z(6). What are the prime factors of (y*(-5)/15)/(-1 + 2)?
199
Let s(i) = 117*i**2 - 21*i + 32. List the prime factors of s(-12).
2, 4283
Suppose 0 = -2*a + g - 3899, 10*a - 5*a = g - 9752. Let t = -1387 - a. List the prime factors of t.
2, 3, 47
What are the prime factors of (40/(-185))/4 + 11/(3256/14078072)?
199, 239
Let p = -25 - -25. Suppose 4*n = z + 5, p*z - 16 = -5*n - 2*z. Suppose l + 68 = -n*s + 235, 0 = -3*l - 15. What are the prime factors of s?
2, 43
Suppose 0 = -37*j + 40*j - 9, j + 141637 = 4*w. What are the prime factors of w?
2, 5, 3541
Suppose -w - 1 + 3 = 0. Suppose 2*o = -5*m + 172, -6*o + 2*o + 344 = w*m. List the prime factors of o.
2, 43
Let z = 9992 - 7082. List the prime factors of z.
2, 3, 5, 97
Suppose -14130 = -p + 4*v, -2*p - v + 5807 + 22444 = 0. What are the prime factors of p?
2, 7, 1009
Suppose 352 - 2560 = -6*l. Suppose 2*o + 2*r + 3*r = -l, -4*o - 3*r = 722. Let b = -100 - o. What are the prime factors of b?
79
Let y be 2 + 62 + 0 + (5 - 3). Suppose 0 = y*j - 62*j - 516. What are the prime factors of j?
3, 43
Let r = -27 + 27. Let s be 2*1/((-6)/(-675)). Suppose r = 3*f - 0*f - s. List the prime factors of f.
3, 5
Let w(l) be the second derivative of 17*l**3/6 - 8*l**2 + 23*l - 3. List the prime factors of w(9).
137
Let s = -397 + 401. Suppose 0 = 2*f - 2, -s*p - 20*f + 2615 = -17*f. List the prime factors of p.
653
Let s(f) = 5*f - 25. Let q be s(5). Let r be 8 - (4 + q*2/8). Suppose -v + 103 = -5*c, 5*c - 8*c = r*v - 412. List the prime factors of v.
103
Suppose -3*g + 5*b = -41, 6*b + 27 = g + 11*b. Suppose -g*f = -0*f - 17765. List the prime factors of f.
5, 11, 19
Let t = 1419 - 990. Let g = t - 5. What are the prime factors of g?
2, 53
List the prime factors of (-192)/480 - 3772/(-5).
2, 13, 29
Let d(o) = -o**3 - 8*o**2 - 15*o - 12. Let n be d(-8). Let k = n - -275. Suppose -4*z + 5*c + 289 = 0, -7*z + k = -2*z + c. List the prime factors of z.
2, 19
Let d be (0 - 0) + -1 + (-4)/(-1). Suppose -d*h - 99 = -0. What are the prime factors of 10*((-44)/h)/((-1)/(-3))?
2, 5
Let y(t) = -4255*t + 2225. List the prime factors of y(-12).
5, 10657
Suppose -5*v + 2 = -8, -5*r = 4*v - 8. Suppose -3*s + 25 = 3*n + 2*s, 5*n + s - 5 = r. Suppose n*t + t = 4, 5*t + 796 = 4*g. What are the prime factors of g?
2, 3, 17
Let q(i) = 360 - 3*i**2 - 342 + 2*i**2 - 17*i - 2*i. Let r(z) = -18*z + 19. Let o(y) = -2*q(y) + 3*r(y). List the prime factors of o(11).
3, 29
Suppose -5*m - 946 + 246 = 0. Let x = -107 - m. What are the prime factors of x?
3, 11
Let o(m) = 2*m**3 + 23*m**2 - 10*m + 29. Let n be o(-12). Let j be (n - 30/(-6))*(9 - 0). Suppose 0*u - 2*u = -j. List the prime factors of u.
3, 5
What are the prime factors of (39625/100)/(9/612)?
5, 17, 317
Suppose 42*u - 500 = 17*u. Suppose 6*i + 924 = u*i. What are the prime factors of i?
2, 3, 11
Let t(w) = -3*w**2 - 30*w + 73. Let u(o) = 8*o + 15 - 17*o - o + 9 - o**2. Let z(i) = 6*t(i) - 17*u(i). What are the prime factors of z(-11)?
19
Let y be 64/(-1 + 2 - (-12 + 14)). Let b = y - -56. What are the prime factors of (-2 + 102/(-8))*b?
2, 59
Suppose 56*h + 5034 = 53*h. Let q = h - -2754. List the prime factors of q.
2, 269
Let g be -3*5/15*3. Let r = 255 + g. What are the prime factors of r?
2, 3, 7
Suppose -14511 = -11*g + 23824. What are the prime factors of g?
5, 17, 41
Suppose -6*m - 228 = -8*m - 2*b, 4*b = 2*m - 198. Let v(x) = 13*x**2 + 3. Let d be v(-5). Let o = d - m. List the prime factors of o.
3, 73
Let p be 14740/121 - 4/(-22). Suppose -p*d - 46 = -124*d. What are the prime factors of d?
23
What are the prime factors of 151675/25 + (3 - -1)?
13, 467
Let o = -46 - -48. Suppose -4 = -o*i - 3*z, -3*z - 4 = -z. Let g(t) = t**2 + 5*t - 7. What are the prime factors of g(i)?
43
Suppose 5*c = 16 - 1. Suppose 4*x = -c*p + p + 516, 20 = 5*x. Suppose -3*b + 104 = -p. List the prime factors of b.
2, 59
Suppose 0 = -30*p - 143687 + 391787 + 387390. What are the prime factors of p?
3, 23, 307
Let u = 8297 - -2503. Suppose -55*c - u = -67*c. List the prime factors of c.
2, 3, 5
Let j = -82 + 85. Suppose -11 = j*d - 125. Suppose 0 = -3*a + 139 + d. What are the prime factors of a?
59
Suppose -4*w + 37 + 67 = 0. Suppose -2*b + 4*b - w = 0. Suppose 118 = -12*u + b*u. What are the prime factors of u?
2, 59
Let r = 405 + -412. What are the prime factors of (r/112*-8)/((-2)/(-664))?
2, 83
List the prime factors of (-6)/5*(-50 + -3040).
2, 3, 103
Let r = 43910 - 11187. List the prime factors of r.
43, 761
Suppose 4*d = 2*d + 8, 0 = i + 3*d + 106. Let l = 772 + i. What are the prime factors of l?
2, 3, 109
List the prime factors of (1243 - 2)*((-32)/(-4) - 4).
2, 17, 73
Let b(d) = d**3 + 2*d**2 - 7*d + 6. Let v be b(2). Suppose -3*l + v*l - 1880 = -5*x, -3*l = 2*x - 755. Let t = -236 + x. What are the prime factors of t?
137
Let j be 7 - 54/(-45)*10/(-4). Suppose 2*f + x = 886, x + 2208 = j*f + f. What are the prime factors of f?
2, 13, 17
Let i(g) = 26*g**2 - 16*g - 4. Let q be (-6)/(-4)*10/15*-4. List the prime factors of i(q).
2, 7, 17
Let y(r) = r**3 - 5*r**2 - 22*r + 12. Let h be y(9). Suppose -2*s = 74 + h. Let l = s + 155. What are the prime factors of l?
7
Suppose 0 = 3*z + 4*w + 4011, 4*z - 128*w + 124*w = -5320. Let v = 2768 + z. List the prime factors of v.
5, 7, 41
Suppose 0 = -3*g - 34*b + 30*b + 18997, 0 = -g - 4*b + 6343. List the prime factors of g.
3, 19, 37
Let j(w) = -2*w**3 - 4*w**2 + 8*w + 3. Let a(h) = -2*h**2 + 22*h - 17. Let s be a(10). Let z be 56/(-12) + 2/s. List the prime factors of j(z).
5, 7
Suppose -x + 1 = g, -4*g = -0*g + 3*x - 6. Let w(d) = 17*d - 27. Let c(n) = -18*n + 28. Let z(h) = g*w(h) + 2*c(h). List the prime factors of z(9).
2, 5, 11
Let p(w) = -14*w + w - 14*w - 16*w + 16. Let o be p(-6). Suppose -c + o = -3*b, 5*c - 1337 = -2*b + 6*b. List the prime factors of c.
5, 53
Let c = 40 + -30. Suppose 2*t + c = t. List the prime factors of 1/5 + (-1858)/t.
2, 3, 31
Suppose 0 = -z + s - 254, -5*z + 3*s - 1088 = 182. Let j = z + 449. List the prime factors of j.
3, 5, 13
Let x(r) be the second derivative of r**5/5 - 3*r**4/4 - 11*r**3/6 - 4*r**2 - 3*r. What are the prime factors of x(6)?
2, 233
Suppose 21*v - 496043 = 93133. List the prime factors of v.
2, 3, 7, 167
Suppose 0 = 5*s + 28 + 127. Let o = -123 - -351. Let x = o + s. What are the prime factors of x?
197
Let b = 17277 - -2997. What are the prime factors of b?
2, 3, 31, 109
Let u(q) = -143*q + 6627. List the prime factors of u(0).
3, 47
Let u(w) = 143*w**2 - 607*w + 17. List the prime factors of u(14).
11, 1777
Let p(n) = 7*n**2 + 49*n - 1. Let r be p(-7). Let y be (-20)/5*10/(-8). What are the prime factors of (2 + (-31)/r)*(y - 0)?
3, 5, 11
Suppose 21*v + 32 = 25*v. Suppose -1813 = -v*t + t. What are the prime factors of t?
7, 37
Let a be 8/(-3)*(-12)/16. Suppose a*r + 3*r + 105 = 0. What are the prime factors of ((-28)/(-8))/(-7) - r/2?
2, 5
Let n(m) = 60*m**2 - 82*m + 40. List the prime factors of n(-9).
2, 2819
Let c(l) = 2*l**3 - 10*l**2 + l - 5. Let i be c(5). Suppose -3*p - 